ple of 12?
True
Is 279 a multiple of 5?
False
Does 201 divide 65325?
True
Does 63 divide 1804?
False
Is 58716 a multiple of 233?
True
Does 14 divide 6692?
True
Is 4595 a multiple of 8?
False
Is 1937 a multiple of 14?
False
Is 21 a factor of 11676?
True
Does 5 divide 1839?
False
Is 48164 a multiple of 104?
False
Is 11 a factor of 5493?
False
Is 17 a factor of 3937?
False
Is 3130 a multiple of 3?
False
Does 16 divide 8704?
True
Is 1536 a multiple of 32?
True
Does 33 divide 11368?
False
Is 37 a factor of 50798?
False
Does 14 divide 1694?
True
Is 16 a factor of 1139?
False
Does 13 divide 1706?
False
Does 26 divide 81931?
False
Is 14 a factor of 25214?
True
Is 9 a factor of 809?
False
Is 91 a factor of 910?
True
Is 3243 a multiple of 47?
True
Is 130 a multiple of 13?
True
Is 8 a factor of 196?
False
Is 343 a factor of 62426?
True
Is 251 a multiple of 14?
False
Does 3 divide 2388?
True
Is 831 a multiple of 2?
False
Does 5 divide 1922?
False
Is 59 a multiple of 4?
False
Does 12 divide 696?
True
Is 38 a factor of 190?
True
Is 29 a factor of 463?
False
Does 3 divide 541?
False
Is 16444 a multiple of 22?
False
Does 28 divide 1764?
True
Does 7 divide 195?
False
Does 90 divide 4500?
True
Is 105 a factor of 1575?
True
Is 9 a factor of 462?
False
Does 29 divide 1495?
False
Is 47 a factor of 547?
False
Does 20 divide 5080?
True
Is 1659 a multiple of 7?
True
Does 61 divide 1147?
False
Does 9 divide 852?
False
Is 10500 a multiple of 60?
True
Is 10741 a multiple of 10?
False
Does 187 divide 14960?
True
Does 32 divide 1664?
True
Is 15 a factor of 933?
False
Is 8 a factor of 4632?
True
Is 8689 a multiple of 75?
False
Is 12 a factor of 57109?
False
Is 20 a factor of 25020?
True
Does 43 divide 1452?
False
Is 43230 a multiple of 22?
True
Is 899 a multiple of 31?
True
Is 3046 a multiple of 4?
False
Does 24 divide 75763?
False
Is 168 a multiple of 11?
False
Is 5805 a multiple of 3?
True
Is 8 a factor of 6473?
False
Is 28 a factor of 2350?
False
Does 104 divide 56813?
False
Does 93 divide 1116?
True
Does 3 divide 46?
False
Is 70 a factor of 3291?
False
Does 146 divide 730?
True
Does 72 divide 576?
True
Does 22 divide 9027?
False
Does 30 divide 1650?
True
Does 30 divide 5800?
False
Is 12182 a multiple of 48?
False
Does 3 divide 536?
False
Is 5175 a multiple of 225?
True
Is 61 a factor of 7442?
True
Is 24 a factor of 1967?
False
Is 40 a factor of 40280?
True
Is 22 a factor of 1694?
True
Is 13 a factor of 3453?
False
Is 158 a factor of 16432?
True
Does 4 divide 9757?
False
Is 480 a multiple of 6?
True
Does 37 divide 434?
False
Does 22 divide 48708?
True
Does 14 divide 47122?
False
Is 2095 a multiple of 23?
False
Is 128391 a multiple of 43?
False
Is 10 a factor of 9740?
True
Does 3 divide 91?
False
Is 12 a factor of 22992?
True
Is 2053 a multiple of 51?
False
Is 5 a factor of 453?
False
Does 7 divide 9444?
False
Is 9 a factor of 4322?
False
Is 23 a factor of 13547?
True
Is 2736 a multiple of 38?
True
Is 1426 a multiple of 13?
False
Is 25 a factor of 761?
False
Is 5423 a multiple of 11?
True
Does 145 divide 41916?
False
Is 4 a factor of 2224?
True
Is 2829 a multiple of 16?
False
Does 24 divide 3360?
True
Is 67 a factor of 3283?
True
Does 82 divide 11047?
False
Is 480 a multiple of 30?
True
Is 7 a factor of 721?
True
Is 2 a factor of 101?
False
Is 3369 a multiple of 25?
False
Is 2 a factor of 2020?
True
Is 31140 a multiple of 18?
True
Does 32 divide 475?
False
Is 44 a factor of 21560?
True
Is 339 a multiple of 31?
False
Is 188420 a multiple of 47?
False
Is 5501 a multiple of 25?
False
Is 38 a factor of 16416?
True
Is 64 a factor of 16119?
False
Is 24 a factor of 888?
True
Is 1421 a multiple of 29?
True
Is 83 a factor of 1424?
False
Is 22 a factor of 16109?
False
Is 97 a factor of 873?
True
Is 175 a factor of 5950?
True
Is 30 a factor of 690?
True
Does 56 divide 2985?
False
Is 29606 a multiple of 131?
True
Is 15 a factor of 13745?
False
Is 716 a multiple of 8?
False
Does 18 divide 1394?
False
Does 15 divide 6090?
True
Is 4868 a multiple of 27?
False
Is 6 a factor of 250?
False
Is 26 a factor of 4019?
False
Is 93 a factor of 35154?
True
Does 39 divide 17472?
True
Is 95 a multiple of 13?
False
Is 20162 a multiple of 34?
True
Is 714 a multiple of 42?
True
Is 37 a factor of 39923?
True
Does 27 divide 1551?
False
Is 12 a factor of 5798?
False
Is 23751 a multiple of 91?
True
Is 27 a factor of 3337?
False
Does 27 divide 39636?
True
Does 9 divide 369?
True
Does 56 divide 5096?
True
Is 26 a factor of 131001?
False
Is 4584 a multiple of 12?
True
Is 62 a factor of 1331?
False
Is 5546 a multiple of 5?
False
Does 121 divide 8340?
False
Is 20 a factor of 10753?
False
Is 20526 a multiple of 17?
False
Is 129481 a multiple of 31?
False
Is 118 a factor of 944?
True
Does 30 divide 2100?
True
Is 4845 a multiple of 8?
False
Does 35 divide 80955?
True
Does 12 divide 2055?
False
Does 4 divide 142?
False
Does 69 divide 25489?
False
Does 114 divide 1255?
False
Does 41 divide 32518?
False
Is 886 a multiple of 11?
False
Does 23 divide 2116?
True
Does 173 divide 14558?
False
Is 430 a multiple of 21?
False
Is 30 a factor of 1897?
False
Does 48 divide 7632?
True
Does 38 divide 820?
False
Is 109 a factor of 18813?
False
Is 5 a factor of 153?
False
Is 27108 a multiple of 10?
False
Is 2000 a multiple of 16?
True
Is 59 a factor of 531?
True
Does 425 divide 57800?
True
Does 3 divide 1602?
True
Is 192 a multiple of 5?
False
Is 15 a factor of 7710?
True
Does 53 divide 2188?
False
Is 39663 a multiple of 39?
True
Is 334 a multiple of 3?
False
Does 12 divide 1344?
True
Is 9 a factor of 8559?
True
Is 13 a factor of 27902?
False
Does 51 divide 2278?
False
Is 810 a multiple of 60?
False
Does 9 divide 7515?
True
Is 28 a factor of 224?
True
Does 21 divide 31059?
True
Does 60 divide 3000?
True
Is 791 a multiple of 15?
False
Is 6434 a multiple of 31?
False
Is 7456 a multiple of 16?
True
Is 1575 a multiple of 15?
True
Is 3241 a multiple of 68?
False
Does 10 divide 62?
False
Is 15 a factor of 1320?
True
Does 12 divide 8884?
False
Is 4134 a multiple of 106?
True
Does 18 divide 14562?
True
Is 53 even?
False
Is 326 a multiple of 13?
False
Is 8 a factor of 9096?
True
Is 9444 a multiple of 118?
False
Does 11 divide 385?
True
Does 31 divide 826?
False
Is 5179 a multiple of 22?
False
Is 38 a factor of 13098?
False
Is 65 a factor of 6045?
True
Is 30 a factor of 20776?
False
Does 28 divide 1792?
True
Does 27 divide 1053?
True
Does 6 divide 486?
True
Is 9 a factor of 3427?
False
Is 9 a factor of 1125?
True
Is 1540 a multiple of 55?
True
Is 21 a factor of 588?
True
Does 24 divide 12385?
False
Is 76 a factor of 4811?
False
Is 10 a factor of 107270?
True
Is 37 a factor of 13528?
False
Is 284 a multiple of 3?
False
Is 92 a factor of 6275?
False
Is 750 a multiple of 38?
False
Is 6731 a multiple of 32?
False
Does 6 divide 19419?
False
Does 155 divide 19220?
True
Is 7 a factor of 82879?
False
Is 857 a multiple of 20?
False
Does 12 divide 468?
True
Is 91 a factor of 7644?
True
Does 25 divide 2060?
False
Is 4 a factor of 2321?
False
Does 19 divide 646?
True
Is 75 a factor of 8117?
False
Is 53 a factor of 23691?
True
Does 14 divide 4895?
False
Is 26 a factor of 2236?
True
Is 11270 a multiple of 18?
False
Is 38892 a multiple of 96?
False
Is 8 a factor of 3352?
True
Is 6434 a multiple of 6?
False
Does 24 divide 3384?
True
Does 23 divide 1246?
False
Is 35 a factor of 70?
True
Is 439 a multiple of 12?
False
Is 163 a factor of 12714?
True
Is 26 a factor of 589?
False
Is 13839 a multiple of 83?
False
Is 2 a factor of 203?
False
Does 24 divide 17310?
False
Is 5220 a multiple of 6?
True
Is 58106 a multiple of 17?
True
Is 2303 a multiple of 17?
False
Does 38 divide 25080?
True
Is 119 even?
False
Does 6 divide 434?
False
Is 7086 a multiple of 12?
False
Is 1409 a multiple of 83?
False
Is 667 a multiple of 23?
True
Is 3 a factor of 2334?
True
Is 870 a multiple of 27?
False
Is 253 a factor of 31038?
False
Is 4 a factor of 42?
False
Does 23 divide 3680?
True
Does 2 divide 7244?
True
Is 9 a factor of 53788?
False
Is 55226 a multiple of 22?
False
Is 88 a factor of 55212?
False
Is 15 a factor of 1067?
False
Is 81 a factor of 41988?
False
Does 25 divide 50?
True
Is 19 a factor of 670?
False
Does 4 divide 111?
False
Does 9 divide 3168?
True
Is 25 a factor o